50 - -102?
152
In base 11, what is 0 + 297?
297
In base 16, what is 1 + 38?
39
In base 3, what is 0 - 11222?
-11222
In base 12, what is 24b - 5?
246
In base 13, what is -7 - -305?
2cb
In base 9, what is 5 + 32?
37
In base 12, what is 5 + -14a?
-145
In base 12, what is -3b14 - -2?
-3b12
In base 11, what is -4 - -1590?
1587
In base 15, what is -1c - -c?
-10
In base 12, what is 4 + -7a?
-76
In base 15, what is 2 + 1c?
1e
In base 2, what is 10100 + -1000?
1100
In base 16, what is -2 - -9b?
99
In base 3, what is 211022 + 0?
211022
In base 9, what is -40 - 158?
-208
In base 5, what is -1211 + 3?
-1203
In base 4, what is 1110223 + 3?
1110232
In base 3, what is -101221 + 10?
-101211
In base 16, what is 2f - -5?
34
In base 10, what is -29 + 14?
-15
In base 8, what is -2 - -12?
10
In base 8, what is -5 - -107?
102
In base 9, what is -240 - 11?
-251
In base 6, what is -1225 + 2?
-1223
In base 15, what is -5 - a9?
-ae
In base 11, what is -7 - 1556?
-1562
In base 3, what is -1 - 1111212?
-1111220
In base 7, what is 3 + -22?
-16
In base 16, what is -6e - -2?
-6c
In base 4, what is 2123 - 12?
2111
In base 16, what is -23 - 2?
-25
In base 14, what is 666 - -5?
66b
In base 9, what is -6 + 50?
43
In base 5, what is -4 - 100?
-104
In base 12, what is -35 + 43?
a
In base 14, what is -29 - -5?
-24
In base 5, what is 3 + 441?
444
In base 3, what is -1100 + -1000?
-2100
In base 4, what is 211 + -3?
202
In base 2, what is -11 + 100?
1
In base 8, what is 257 - 1?
256
In base 4, what is -1 + -211111?
-211112
In base 15, what is 2 + b1?
b3
In base 3, what is -110 - -102?
-1
In base 11, what is 3 + -448?
-445
In base 3, what is -21221 + -1?
-21222
In base 15, what is 122 + 3?
125
In base 10, what is 636 - -3?
639
In base 4, what is -123010 - 3?
-123013
In base 10, what is 4 + -8?
-4
In base 13, what is 1 - 39?
-38
In base 14, what is -d54 + -a?
-d60
In base 16, what is -1fc - 2?
-1fe
In base 8, what is -3 - 67?
-72
In base 8, what is 65 - -100?
165
In base 7, what is 2366 - -16?
2415
In base 3, what is 2202 - 1002?
1200
In base 7, what is -2 - -2421?
2416
In base 11, what is -4 - -1364?
1360
In base 10, what is 20090 - -2?
20092
In base 10, what is 401 - 5?
396
In base 8, what is -2 + -4?
-6
In base 12, what is 6 - 1595?
-158b
In base 13, what is -6 + 160?
157
In base 2, what is -101 + 11000000?
10111011
In base 2, what is -100 + 10101?
10001
In base 5, what is -140 - 10?
-200
In base 8, what is -5 + 6?
1
In base 8, what is -4 - 14?
-20
In base 8, what is 1 - -7322?
7323
In base 15, what is -1342 - -5?
-133c
In base 4, what is 1230332 + 2?
1231000
In base 14, what is -29c - 9?
-2a7
In base 13, what is 16c - -3?
172
In base 3, what is 2212022 + 1?
2212100
In base 16, what is 718 - 0?
718
In base 14, what is -1c - -17?
-5
In base 13, what is 8b + 1?
8c
In base 12, what is 5 - 2b24?
-2b1b
In base 3, what is 1 + 1221?
1222
In base 5, what is -32 + 210?
123
In base 9, what is 5 + -2165?
-2160
In base 16, what is -1f9 - 3?
-1fc
In base 16, what is -5fb2 - -1?
-5fb1
In base 13, what is 5 + 3a?
42
In base 7, what is 1 + 102?
103
In base 11, what is 150 - -5?
155
In base 5, what is 31331 - 2?
31324
In base 12, what is 7 - -18?
23
In base 7, what is -5 + 151?
143
In base 7, what is -1 + 2640?
2636
In base 3, what is -1122 + -102?
-2001
In base 12, what is 1b + -168?
-149
In base 15, what is -3 + -2c9?
-2cc
In base 4, what is 1 + 10203?
10210
In base 13, what is -c - -3a?
2b
In base 16, what is 0 + 377?
377
In base 5, what is 4141 + -10?
4131
In base 4, what is 30 + -1002?
-312
In base 4, what is -120 - 10?
-130
In base 2, what is 10 - 1101000110?
-1101000100
In base 13, what is 54b + 0?
54b
In base 15, what is -5 - -7?
2
In base 6, what is 2 - -242?
244
In base 7, what is 224540 + 2?
224542
In base 10, what is 418 - -7?
425
In base 15, what is b6 - 11?
a5
In base 15, what is -15a + 1?
-159
In base 10, what is 160 + -1?
159
In base 9, what is -830 + -6?
-836
In base 12, what is 51 - 1?
50
In base 2, what is 1 - 101000111?
-101000110
In base 10, what is 4 - 1164?
-1160
In base 2, what is 1111100 + 100000?
10011100
In base 7, what is -4 + 1316?
1312
In base 3, what is -101 + -12220?
-20021
In base 7, what is -1533 - 5?
-1541
In base 11, what is 49 + 35?
83
In base 6, what is 204 + 11?
215
In base 2, what is 101 - -10?
111
In base 13, what is -13a + 5?
-135
In base 14, what is 0 + 40?
40
In base 15, what is -6 + a08?
a02
In base 16, what is -59 - 5?
-5e
In base 2, what is 11111 + -11010001?
-10110010
In base 14, what is 4 + -436?
-432
In base 15, what is e0 - 23?
bc
In base 7, what is -64 - -413?
316
In base 4, what is -131 + -2?
-133
In base 9, what is -5 - 771?
-776
In base 11, what is -11 - 175?
-186
In base 16, what is -3 - -15?
12
In base 11, what is -27 - -506?
48a
In base 6, what is -455 - 20?
-515
In base 13, what is 3 - 1072?
-106c
In base 8, what is -3 - 463?
-466
In base 16, what is -f7 - 2?
-f9
In base 12, what is 1 - 5b1?
-5b0
In base 6, what is -2 + 152?
150
In base 3, what is -212 + 100?
-112
In base 15, what is -8 - -9?
1
In base 6, what is -4210 - -4?
-4202
In base 6, what is -3 - -2414?
2411
In base 2, what is -1000 - 1101001?
-1110001
In base 5, what is -12220 - -4?
-12211
In base 9, what is -155 - -4?
-151
In base 13, what is 95 + 1a?
b2
In base 9, what is -35 + 2?
-33
In base 14, what is -731 + 5?
-72a
In base 10, what is 1 + 675?
676
In base 6, what is 0 + 423?
423
In base 2, what is -1111100011 + -100?
-1111100111
In base 15, what is -7d + -2?
-80
In base 3, what is 121101111 - 12?
121101022
In base 7, what is 214 - 2?
212
In base 11, what is 2 - 45?
-43
In base 16, what is 26a - 1b?
24f
In base 11, what is -2 - -40?
39
In base 5, what is -140 + -143?
-333
In base 9, what is 26 - -30?
56
In base 3, what is 11 - -1101000?
1101011
In base 10, what is -15 - 300?
-315
In base 3, what is 1010 - -22001?
100011
In base 2, what is 1 - 11000?
-10111
In base 7, what is 22414 - -4?
22421
In base 8, what is -12 - 114?
-126
In base 2, what is 101 + 1111?
10100
In base 11, what is 197a - 7?
1973
In base 12, what is 0 + 25?
25
In base 3, what is 201220 + 1?
201221
In base 5, what is -400 + -1004?
-1404
In base 15, what is d2 + -4?
cd
In base 11, what is 11 + 115?
126
In base 8, what is 2 - -112?
114
In base 8, what is -7 - 1105?
-1114
In base 16, what is 2 - 30?
-2e
In base 6, what is 2 + 22002?
22004
In base 7, what is -464 + -1?
-465
In base 10, what is -59 + -4?
-63
In base 11, what is 1420 + -2?
1419
In base 13, what is -5 - -29c?
297
In base 6, what is -1 + -1002?
-1003
In base 3, what is 1202 + 110101?
112010
In base 7, what is -310 - -120?
-160
In base 7, what is 5 - -22?
30
In base 15, what is 1 - -1a4?
1a5
In base 3, what is 2010 + 10?
2020
In base 2, what is 101000 + 1?
101001
In base 16, what is 5 - -396?
39b
In base 16, what is 1 + b0?
b1
In base 4, what is 11 - -32?
103
In base 6, what is -1 - -2?
1
In base 16, what is bc + 3?
bf
In base 7, what is -4514 + 2?
-4512
In base 16, what is -1924 - -1?
-1923
In base 15, what is 5 - 2cb?
-2c6
In base 16, what is -8 + -11e?
-126
In base 12, what is -58 + 1b?
-39
In base 5, what is 4213 - 2?
4211
In base 6, what is -5 + 2414?
2405
In base 5, what is 10 + 2132?
2142
In base 8, what is -7517 - 5?
-7524
In base 14, what is -5 + -a68?
-a6d
In base 8, what is 22 - 155?
-133
In base 8, what is 353 + 20?
373
In base 9, what is 300 - 4?
285
In base 2, what is 10 + -10000101?
-10000011
In base 9, what is -4 - -157?
153
In base 7, what is -152 + 11?
-141
In base 6, what is 5 - 10555?
-10550
In base 5, what is 22 - -21?
43
In base 14, what is -2 - -321?
31d
In base 11, what is -a - -191?
182
In base 2, what is 100110110010 - 101?
100110101101
In base 4, what is -32001 - -1?
-32000
In base 12, what is 2 - -159?
15b
In base 6, what is -15315 - 1?
-15320
In base 3, what is -10 - -2210?
2200
In base 2, what is -1111 - 11?
-10010
In base 12, what is 4274 + -5?
426b
In base 8, what is 227 - 2?
225
In base 5, what is -113 + 441?
323
In base 9, what is 370 + 0?
370
In base 8, what is 14 + 5?
21
In base 2, what is 0 - -101011?
101011
In base 16, what is 549 - -1?
54a
In base 7, what is 350 - -51?
431
In base 16, what is -33 + -1?
-34
In base 3, what is 222111 + -101?
222010
In base 3, what is -11 - 101111?
-101122
In base 5, what is 1040